5*k - 5*c + i = 0, -5*k = 5*c - c - 27. List the prime factors of k.
3
Suppose 4*b = -3*w + 4*w + 6, b = -3. Let o = w - -38. What are the prime factors of o?
2, 5
Suppose -4*s + 2*u = -26, -3*s + 25 = 2*u + 2*u. Let b be s/2*-2*-1. Suppose b*y - 9 = 4*y. What are the prime factors of y?
3
Let l = 13 + -7. Let n be -2 + (7 + -1)*1. Suppose -4*v = n*r + 8, -v + 6*v - l = -r. List the prime factors of v.
2
Suppose 7*r - 2*r - u - 118 = 0, -2*r + 46 = -u. Let n = r + -12. List the prime factors of n.
2, 3
Suppose g - 3 = 2*d + 2, -5*d - 8 = -2*g. Let i be (-2)/9 - (-38)/g. Let l = 16 - i. List the prime factors of l.
2, 3
What are the prime factors of (-7 + 3)/2 + 51?
7
Suppose 2*w + 4 = 4*w. Suppose -7*z = -w*z - 35. Suppose 4*f = -5*m - z, f - 14 = 4*m - 0*m. What are the prime factors of f?
2
What are the prime factors of (-8 - -452)*2/6?
2, 37
Suppose 0 = -d + 1 + 1. Suppose 3 = -d*p + s + 12, -p - s = 3. What are the prime factors of p?
2
Suppose 2*f + 9 = 105. Suppose -3*k = i + 4*i - f, i = 0. What are the prime factors of k?
2
Let y = 102 - 60. What are the prime factors of y?
2, 3, 7
Let j = 3 + -2. Let a be 3/(-1) + j + 6. Suppose 3*b - 5*d - 10 = 0, -a*b + 5*d + 28 = 2*d. What are the prime factors of b?
2, 5
Let a be ((-2)/2)/1 - 2. Let c be ((-4)/4)/(1/a). Suppose -c*p - 61 = -5*v - 1, 5*p + 7 = -2*v. What are the prime factors of v?
3
Let a(s) = 2*s**2 + 2*s - 1. Let u be a(-2). Suppose 0 = -3*x - z + 4*z, 0 = 2*x + z - 12. What are the prime factors of (138/u)/(x - 2)?
23
Let c = -527 + 179. What are the prime factors of (-2)/(-11) - c/22?
2
Let x = -6 + 6. Suppose x*t - 6*t + 54 = 0. List the prime factors of t.
3
Suppose 0*y - 4*s = -2*y - 2, s = -3*y + 32. Let t = 1 - 2. What are the prime factors of 1 + t + -3 + y?
2, 3
Let q = -5 + 5. Suppose q = 3*o - 204 + 33. List the prime factors of 1/(-1 - (-60)/o).
19
Suppose 3*p = 5*z - 185, -p - 130 = -3*z - 3*p. List the prime factors of z.
2, 5
Let q(n) = 5*n**2 + 2*n - 2. Let p(s) = -s. Let y be p(-2). What are the prime factors of q(y)?
2, 11
Suppose -45 - 4 = -5*m + 3*h, 0 = -2*m - 4*h + 4. Let f = 0 - -2. Let s = m - f. What are the prime factors of s?
2, 3
Let w(q) = -12*q**3 + 2*q + 1. Let j(m) = m**2 + 4*m - 1. Let u be j(-4). What are the prime factors of w(u)?
11
Suppose 3*g = 2*g + 2. Let o be (-2)/(g*(-3)/45). Suppose 0 = 5*l - 2*s - 13, 2 = 5*l + 2*s - o. What are the prime factors of l?
3
Suppose 0 = 3*o + 4 + 77. Let k = 50 + o. List the prime factors of k.
23
Suppose -3*n = -2*n - 6. Suppose w + n = 3*w. List the prime factors of w.
3
Let k(s) = -s**3 + 7*s**2 - 4*s - 4. Let l be k(5). Suppose 5 = 3*g + l. What are the prime factors of 4/(-14) - 16/g?
2
Let j(b) = 1. Let m(y) = -y**2 - 7*y + 11. Let z(q) = -3*j(q) + m(q). What are the prime factors of z(-6)?
2, 7
Suppose -3*y = -7*y. Suppose a - z + 1 = y, -1 = -3*a - z + 6*z. Let x = -1 - a. List the prime factors of x.
2
Suppose -h - 4*b + 6 = 0, -1 + 0 = -h + b. Let u(g) = 5*g - 2. List the prime factors of u(h).
2
Let g(x) = -x**2 + 9*x - 2. Let h be g(7). Let u be (-2)/(-10) - h/(-15). Let z = 4 + u. What are the prime factors of z?
5
Let f(b) = -b**3 + 6*b**2 + 7. Let d be f(6). Suppose d*j = 4*j + 48. List the prime factors of j.
2
Let n(k) = -k**3 + 27*k**2 + 63*k + 63. List the prime factors of n(29).
2, 13
Let r(t) = -t**3 - 5*t**2 + 5. Let c be r(-5). Suppose 5*n - i = -4*i + 80, -c*i + 48 = 3*n. List the prime factors of n.
2
Suppose 0 = -w - 4*w. Suppose w = -0*i - 4*i + 24. What are the prime factors of i?
2, 3
Let x(k) = -3*k**3 - 7 - 4*k - 6*k**2 - 3 + 4*k**3. List the prime factors of x(7).
11
Let w = -13 + 17. Let r = 6 - 4. Suppose w*v - 4*l = 80, -4*l = r*v - 0*v - 10. What are the prime factors of v?
3, 5
Let r(j) = j**2 - 6*j - 8. Let u(b) = 3*b**2 - 11*b - 17. Let m(g) = -5*r(g) + 2*u(g). What are the prime factors of m(-9)?
3, 5
Let k(y) = 3*y - 4. Suppose 5*u + 5*a = 0, -4*u + 3 = 5*a + 8. What are the prime factors of k(u)?
11
Let t(w) = w + 8. What are the prime factors of t(9)?
17
Let j = 6 + -2. List the prime factors of -13*7/((-14)/j).
2, 13
List the prime factors of ((-410)/20)/((-2)/4).
41
Let c(u) = 2*u. Let m be c(6). Let s = 21 - m. Suppose 0*r = -r + s. What are the prime factors of r?
3
Suppose x + a - 56 = -4*a, 178 = 4*x - 3*a. What are the prime factors of x?
2, 23
Let f = 2 + 2. Suppose -3*r = 2*g - 22 - 0, -2*g = f*r - 24. List the prime factors of g.
2
Suppose 2*t + 2 = 6. What are the prime factors of (28/35)/(t/5)?
2
Suppose 4 + 0 = 2*w. Let c = 0 + w. List the prime factors of c.
2
Suppose 0*z - 2*z = 0. Suppose w - 4 + 0 = z. List the prime factors of w.
2
Suppose 0 = -o + 6*o - 20. Let m be (0 + 0)*(-2)/2. Suppose -y = -m - o. What are the prime factors of y?
2
Let y(a) be the second derivative of -a**5/20 + a**4/12 + 7*a**2/2 + 4*a. List the prime factors of y(0).
7
Suppose -5*q + 51 = 2*b, 0*q - q - 5*b + 24 = 0. Let s = -6 + q. What are the prime factors of s?
3
Suppose -3 - 9 = 2*i. Let u(x) = x**2 + 3*x - 7. Let w be u(i). Suppose 2*r - 1 - w = 0. List the prime factors of r.
2, 3
Let z be (3/2)/((-5)/(-10)). Suppose 0 = z*d - 4*d + 25. List the prime factors of d.
5
Suppose 0 = r + 3, j + 4*r = 2*r + 167. List the prime factors of j.
173
Let z be (-1)/(-1) - -1 - -8. Let y be -2 + -2 + 0 + z. Suppose -y*i + 5*i + 15 = 0. List the prime factors of i.
3, 5
What are the prime factors of 3/(-12)*(-1085 - -1)?
271
Suppose 0 = -6*g + 2*g + 4*q + 436, 5*q = g - 117. What are the prime factors of g?
107
List the prime factors of (-10)/20 - 173/(-2).
2, 43
Let k(t) = 2*t - 1. Let r be k(-7). Let j be ((-20)/r)/((-2)/(-3)). Suppose 0 = 7*v - j*v - 65. What are the prime factors of v?
13
Let d be 8/(5/(5/2)). Suppose -d*k = -0*k - 40. List the prime factors of k.
2, 5
Suppose -a - 100 = -173. What are the prime factors of a?
73
Suppose 0*h - 5*h - 10 = 0. Let w be (2 + 8)*h/(-5). Let n(b) = -b**2 + 7*b - 6. List the prime factors of n(w).
2, 3
Let n(a) = -a**3 - a**2 + 415. Let i be n(0). Let t be 2/5 + i/25. Suppose 3*k - t + 5 = 0. List the prime factors of k.
2
Let w(n) = -n**2 + 3*n - 5. Let p be w(4). Let r(q) = q**2 + 8*q - 5. Let x be r(p). Suppose -i + 5*l = -11, 0*l - x*l - 4 = 0. What are the prime factors of i?
2, 3
Let m(n) = -n + 5. Let u be m(-4). Let c(x) = -x**2 + 9*x - 10. Let f be c(u). Let a = -7 - f. What are the prime factors of a?
3
Suppose l - v = -2*l + 12, 3*v = 5*l - 24. Suppose z = l*z - 72. What are the prime factors of z?
2, 3
Suppose 2*x - 4*h = 400, -h - 392 = -2*x - 5*h. Suppose 0*z = -4*f + z + x, 0 = f - z - 51. What are the prime factors of f?
7
Let u(z) = z**3 + 9*z**2 + 4*z - 18. What are the prime factors of u(-8)?
2, 7
Suppose 0 = -3*d - 2*r - 2, 3*r = -2*d - 0*d - 8. Suppose h - 2*h = 0. Suppose f - d = -h. List the prime factors of f.
2
Suppose -5*s + 241 = -44. Suppose 0 = -4*r + o + s, -2*r + 4*o = 3*r - 85. List the prime factors of r.
13
List the prime factors of 82/(6/(-3)*-1).
41
Suppose 0 = -0*s + 2*s - 48. List the prime factors of s.
2, 3
Let y(d) = 1 - 5 + d - 5*d**2 - 3*d + 7*d**2. What are the prime factors of y(4)?
2, 5
What are the prime factors of 1/(((-6)/981)/(4/(-6)))?
109
Let y(n) = n - 2 - 2 + 0*n - 4. Let m be y(6). List the prime factors of 2*(-11)/m - -3.
2, 7
Suppose 20 = -w - 4*f, -4*w + 7*w + f + 5 = 0. List the prime factors of 6 + 0 - -2 - w.
2
Suppose 4*q - q = -5*f - 15, -4*q - 9 = 3*f. Suppose 0*v + 2*v - 2 = q. Suppose 5*a + 29 = 4*b - 22, -a = -v. List the prime factors of b.
2, 7
Let n = -157 - -421. What are the prime factors of n?
2, 3, 11
Let v(z) = 4*z - 12. Let s be v(-10). Let i = s - -92. Suppose 4*w - 20 = i. List the prime factors of w.
3, 5
Suppose -4*t = -3 - 17. Suppose 128 = 4*b - 4*j, b - 28 = -0*j + t*j. Suppose 3*i = p + 17, b = 6*i - i - 4*p. What are the prime factors of i?
5
Let r = 67 + -5. List the prime factors of r.
2, 31
Let n(k) = 2*k**2 - 2*k. Let p be n(2). Suppose 20 = 5*c, z + 20 = c + p*c. Suppose -3*u - u + 52 = z. What are the prime factors of u?
13
Let x(d) = -7*d + 7. Let c be x(-12). Let v = -62 + c. List the prime factors of v.
29
Suppose -4*c - 2*m - 18 = 0, c - 3*m = -2*c. Let w be -5*(-1)/(2 + c). Let t(h) = -4*h. List the prime factors of t(w).
2, 5
Let m b